{"id":3,"date":"2023-01-25T12:32:10","date_gmt":"2023-01-25T12:32:10","guid":{"rendered":"https:\/\/www.covarestaurante.es\/?page_id=3"},"modified":"2025-03-20T12:58:59","modified_gmt":"2025-03-20T12:58:59","slug":"aviso-legal","status":"publish","type":"page","link":"https:\/\/www.covarestaurante.es\/index.php\/aviso-legal\/","title":{"rendered":"politica de privacidad"},"content":{"rendered":"\t\t<div data-elementor-type=\"wp-page\" data-elementor-id=\"3\" class=\"elementor elementor-3\" data-elementor-post-type=\"page\">\n\t\t\t\t<div class=\"elementor-element elementor-element-3c2fa4fe e-flex e-con-boxed e-con e-parent\" data-id=\"3c2fa4fe\" data-element_type=\"container\">\n\t\t\t\t\t<div class=\"e-con-inner\">\n\t\t\t\t<div class=\"elementor-element elementor-element-4c43564e elementor-widget elementor-widget-text-editor\" data-id=\"4c43564e\" data-element_type=\"widget\" data-widget_type=\"text-editor.default\">\n\t\t\t\t<div class=\"elementor-widget-container\">\n\t\t\t\t\t\t\t<!-- wp:heading -->\n<h1><b>Aviso Legal |\u00a0<\/b><\/h1>\n<p><span style=\"font-weight: 400;\">SUKALDARI MB SLU B75294140,\u00a0 no puede asumir ninguna responsabilidad derivada del uso incorrecto, inapropiado o il\u00edcito de la informaci\u00f3n aparecida en la p\u00e1gina de Internet\u00a0<\/span><\/p>\n<p><span style=\"font-weight: 400;\">\u200b<\/span><\/p>\n<ul>\n<li style=\"font-weight: 400;\" aria-level=\"1\"><span style=\"font-weight: 400;\">La web de SUKALDARI MB SLU B75294140 \u00a0 .,\u00a0 tiene como fin dar a conocer al p\u00fablico general las actividades que realiza y los servicios que presta. SUKALDARI MB SLU B75294140 \u00a0 .,\u00a0 se reserva la facultad de efectuar, en cualquier momento y sin previo aviso, modificaciones de la informaci\u00f3n contenida en su web.<\/span><\/li>\n<\/ul>\n<p><span style=\"font-weight: 400;\">\u200b<\/span><\/p>\n<ul>\n<li style=\"font-weight: 400;\" aria-level=\"1\"><span style=\"font-weight: 400;\">Con los l\u00edmites establecidos en la ley, SUKALDARI MB SLU B75294140 \u00a0 .,\u00a0 no asume ninguna responsabilidad derivada de la falta de veracidad, integridad, actualizaci\u00f3n y precisi\u00f3n de los datos o informaciones que se contienen en sus p\u00e1ginas de Internet. Los contenidos e informaci\u00f3n no vinculan a SUKALDARI MB SLU B75294140 \u00a0 .,\u00a0 ni constituyen opiniones, consejos o asesoramiento legal de ning\u00fan tipo pues se trata meramente de un servicio ofrecido con car\u00e1cter informativo y divulgativo. La p\u00e1gina de Internet de SUKALDARI MB SLU B75294140 \u00a0 .,\u00a0 puede contener enlaces (links) a otras p\u00e1ginas de terceras partes que SUKALDARI MB SLU B75294140 \u00a0 .,\u00a0 no puede controlar. Por lo tanto, SUKALDARI MB SLU B75294140 \u00a0 .,\u00a0 no puede asumir responsabilidades por el contenido que pueda aparecer en p\u00e1ginas de terceros. Los textos, im\u00e1genes, sonidos, animaciones, software y el resto de contenidos incluidos en este website son propiedad exclusiva de SUKALDARI MB SLU B75294140 \u00a0 .,\u00a0 o sus licenciantes. Cualquier acto de transmisi\u00f3n, distribuci\u00f3n, cesi\u00f3n, reproducci\u00f3n, almacenamiento o comunicaci\u00f3n p\u00fablica total o parcial, debe contar con el consentimiento expreso de SUKALDARI MB SLU B75294140 \u00a0 ..<\/span><\/li>\n<\/ul>\n<!-- \/wp:paragraph -->\t\t\t\t\t\t<\/div>\n\t\t\t\t<\/div>\n\t\t\t\t\t<\/div>\n\t\t\t\t<\/div>\n\t\t\t\t<\/div>\n\t\t","protected":false},"excerpt":{"rendered":"<p>Aviso Legal |\u00a0 SUKALDARI MB SLU B75294140,\u00a0 no puede asumir ninguna responsabilidad derivada del uso incorrecto, inapropiado o il\u00edcito de la informaci\u00f3n aparecida en la p\u00e1gina de Internet\u00a0 \u200b La web de SUKALDARI MB SLU B75294140 \u00a0 .,\u00a0 tiene como fin dar a conocer al p\u00fablico general las actividades que realiza y los servicios que [&hellip;]<\/p>\n","protected":false},"author":1,"featured_media":0,"parent":0,"menu_order":0,"comment_status":"closed","ping_status":"closed","template":"","meta":{"footnotes":""},"class_list":["post-3","page","type-page","status-publish","hentry"],"_links":{"self":[{"href":"https:\/\/www.covarestaurante.es\/index.php\/wp-json\/wp\/v2\/pages\/3","targetHints":{"allow":["GET"]}}],"collection":[{"href":"https:\/\/www.covarestaurante.es\/index.php\/wp-json\/wp\/v2\/pages"}],"about":[{"href":"https:\/\/www.covarestaurante.es\/index.php\/wp-json\/wp\/v2\/types\/page"}],"author":[{"embeddable":true,"href":"https:\/\/www.covarestaurante.es\/index.php\/wp-json\/wp\/v2\/users\/1"}],"replies":[{"embeddable":true,"href":"https:\/\/www.covarestaurante.es\/index.php\/wp-json\/wp\/v2\/comments?post=3"}],"version-history":[{"count":8,"href":"https:\/\/www.covarestaurante.es\/index.php\/wp-json\/wp\/v2\/pages\/3\/revisions"}],"predecessor-version":[{"id":587,"href":"https:\/\/www.covarestaurante.es\/index.php\/wp-json\/wp\/v2\/pages\/3\/revisions\/587"}],"wp:attachment":[{"href":"https:\/\/www.covarestaurante.es\/index.php\/wp-json\/wp\/v2\/media?parent=3"}],"curies":[{"name":"wp","href":"https:\/\/api.w.org\/{rel}","templated":true}]}}